inder when 1470 is divided by 49.
0
What is the remainder when 211 is divided by 31?
25
Calculate the remainder when 1117 is divided by 70.
67
Calculate the remainder when 193 is divided by 29.
19
What is the remainder when 393 is divided by 25?
18
What is the remainder when 152 is divided by 41?
29
What is the remainder when 2906 is divided by 17?
16
Calculate the remainder when 1825 is divided by 102.
91
Calculate the remainder when 779 is divided by 30.
29
What is the remainder when 191 is divided by 47?
3
Calculate the remainder when 3060 is divided by 105.
15
What is the remainder when 7593 is divided by 49?
47
What is the remainder when 1844 is divided by 106?
42
Calculate the remainder when 2334 is divided by 90.
84
What is the remainder when 3210 is divided by 27?
24
What is the remainder when 308 is divided by 143?
22
What is the remainder when 1563 is divided by 68?
67
Calculate the remainder when 1305 is divided by 12.
9
What is the remainder when 81 is divided by 17?
13
Calculate the remainder when 3162 is divided by 3161.
1
What is the remainder when 361 is divided by 82?
33
Calculate the remainder when 530 is divided by 7.
5
Calculate the remainder when 984 is divided by 331.
322
Calculate the remainder when 216 is divided by 82.
52
What is the remainder when 268 is divided by 17?
13
Calculate the remainder when 212 is divided by 14.
2
What is the remainder when 329 is divided by 34?
23
Calculate the remainder when 437 is divided by 6.
5
Calculate the remainder when 243 is divided by 46.
13
What is the remainder when 942 is divided by 41?
40
Calculate the remainder when 2312 is divided by 40.
32
Calculate the remainder when 334 is divided by 301.
33
Calculate the remainder when 238 is divided by 15.
13
What is the remainder when 1265 is divided by 402?
59
Calculate the remainder when 1027 is divided by 5.
2
What is the remainder when 8338 is divided by 6?
4
What is the remainder when 405 is divided by 14?
13
Calculate the remainder when 8574 is divided by 5.
4
What is the remainder when 388 is divided by 35?
3
Calculate the remainder when 568 is divided by 73.
57
Calculate the remainder when 87 is divided by 8.
7
What is the remainder when 109 is divided by 34?
7
What is the remainder when 23619 is divided by 13?
11
Calculate the remainder when 527 is divided by 23.
21
Calculate the remainder when 682 is divided by 59.
33
Calculate the remainder when 132 is divided by 69.
63
Calculate the remainder when 27 is divided by 4.
3
Calculate the remainder when 397 is divided by 207.
190
What is the remainder when 1727 is divided by 48?
47
Calculate the remainder when 376 is divided by 21.
19
Calculate the remainder when 710 is divided by 65.
60
What is the remainder when 5741 is divided by 26?
21
What is the remainder when 397 is divided by 35?
12
What is the remainder when 273 is divided by 74?
51
What is the remainder when 212 is divided by 29?
9
What is the remainder when 1087 is divided by 109?
106
What is the remainder when 97 is divided by 57?
40
What is the remainder when 38 is divided by 33?
5
What is the remainder when 37 is divided by 22?
15
Calculate the remainder when 569 is divided by 44.
41
What is the remainder when 434 is divided by 143?
5
What is the remainder when 102 is divided by 11?
3
Calculate the remainder when 4491 is divided by 45.
36
Calculate the remainder when 2106 is divided by 264.
258
Calculate the remainder when 360 is divided by 26.
22
Calculate the remainder when 60 is divided by 22.
16
What is the remainder when 69 is divided by 24?
21
Calculate the remainder when 96293 is divided by 33.
32
What is the remainder when 414 is divided by 26?
24
What is the remainder when 449 is divided by 60?
29
What is the remainder when 1671 is divided by 830?
11
Calculate the remainder when 113 is divided by 3.
2
Calculate the remainder when 195 is divided by 172.
23
Calculate the remainder when 707 is divided by 36.
23
Calculate the remainder when 5975 is divided by 230.
225
Calculate the remainder when 561 is divided by 11.
0
Calculate the remainder when 6548 is divided by 177.
176
Calculate the remainder when 2371 is divided by 95.
91
Calculate the remainder when 4207 is divided by 23.
21
Calculate the remainder when 21170 is divided by 31.
28
What is the remainder when 2397 is divided by 590?
37
What is the remainder when 135 is divided by 21?
9
Calculate the remainder when 876 is divided by 111.
99
Calculate the remainder when 1527 is divided by 10.
7
Calculate the remainder when 701 is divided by 32.
29
Calculate the remainder when 587 is divided by 32.
11
What is the remainder when 3015 is divided by 168?
159
What is the remainder when 36 is divided by 13?
10
Calculate the remainder when 2415 is divided by 63.
21
Calculate the remainder when 2113 is divided by 103.
53
Calculate the remainder when 149 is divided by 11.
6
What is the remainder when 102 is divided by 20?
2
What is the remainder when 60 is divided by 54?
6
Calculate the remainder when 1055 is divided by 19.
10
Calculate the remainder when 230 is divided by 58.
56
What is the remainder when 622 is divided by 57?
52
What is the remainder when 1269 is divided by 31?
29
Calculate the remainder when 1328 is divided by 89.
82
Calculate the remainder when 200 is divided by 69.
62
What is the remainder when 1282 is divided by 107?
105
What is the remainder when 948 is divided by 43?
2
Calculate the remainder when 490 is divided by 291.
199
What is the remainder when 81 is divided by 12?
9
What is the remainder when 187 is divided by 13?
5
What is the remainder when 119 is divided by 11?
9
What is the remainder when 7489 is divided by 394?
3
What is the remainder when 1229 is divided by 276?
125
What is the remainder when 1184 is divided by 11?
7
Calculate the remainder when 194 is divided by 7.
5
Calculate the remainder when 62 is divided by 9.
8
Calculate the remainder when 915 is divided by 78.
57
What is the remainder when 65 is divided by 14?
9
What is the remainder when 120 is divided by 21?
15
Calculate the remainder when 104 is divided by 27.
23
What is the remainder when 4264 is divided by 17?
14
Calculate the remainder when 88 is divided by 7.
4
What is the remainder when 281 is divided by 19?
15
Calculate the remainder when 1005 is divided by 18.
15
Calculate the remainder when 491 is divided by 235.
21
What is the remainder when 177 is divided by 62?
53
What is the remainder when 89 is divided by 80?
9
Calculate the remainder when 1046 is divided by 132.
122
Calculate the remainder when 612 is divided by 39.
27
What is the remainder when 1193 is divided by 52?
49
What is the remainder when 10771 is divided by 81?
79
Calculate the remainder when 45 is divided by 33.
12
What is the remainder when 226 is divided by 46?
42
Calculate the remainder when 1857 is divided by 15.
12
Calculate the remainder when 6666 is divided by 951.
9
What is the remainder when 82 is divided by 31?
20
Calculate the remainder when 394 is divided by 11.
9
Calculate the remainder when 567 is divided by 30.
27
What is the remainder when 625 is divided by 33?
31
Calculate the remainder when 1155 is divided by 71.
19
What is the remainder when 224 is divided by 31?
7
Calculate the remainder when 3425 is divided by 230.
205
What is the remainder when 245 is divided by 22?
3
Calculate the remainder when 39 is divided by 6.
3
What is the remainder when 270 is divided by 198?
72
What is the remainder when 51 is divided by 13?
12
What is the remainder when 325 is divided by 47?
43
What is the remainder when 391 is divided by 10?
1
Calculate the remainder when 1975 is divided by 51.
37
Calculate the remainder when 1245 is divided by 12.
9
Calculate the remainder when 1020 is divided by 94.
80
What is the remainder when 664 is divided by 74?
72
Calculate the remainder when 110 is divided by 37.
36
What is the remainder when 256 is divided by 120?
16
Calculate the remainder when 1548 is divided by 739.
70
Calculate the remainder when 4894 is divided by 89.
88
What is the remainder when 263 is divided by 66?
65
What is the remainder when 92 is divided by 21?
8
What is the remainder when 267 is divided by 54?
51
What is the remainder when 3057 is divided by 30?
27
Calculate the rem